CRAN Package Check Results for Package shatteringdt

Last updated on 2021-03-04 00:48:10 CET.

Flavor Version Tinstall Tcheck Ttotal Status Flags
r-devel-linux-x86_64-fedora-clang 0.1.0 30.11 NOTE
r-devel-linux-x86_64-fedora-gcc 0.1.0 24.00 NOTE
r-patched-solaris-x86 0.1.0 43.20 NOTE

Check Details

Version: 0.1.0
Check: dependencies in R code
Result: NOTE
    Namespaces in Imports field not imported from:
     ‘rpart’ ‘testthat’ ‘tree’
     All declared Imports should be used.
Flavors: r-devel-linux-x86_64-fedora-clang, r-devel-linux-x86_64-fedora-gcc, r-patched-solaris-x86