Last updated on 2021-03-04 00:48:10 CET.
Flavor | Version | Tinstall | Tcheck | Ttotal | Status | Flags |
---|---|---|---|---|---|---|
r-devel-linux-x86_64-debian-clang | 0.4.2 | 6.81 | 52.95 | 59.76 | OK | |
r-devel-linux-x86_64-debian-gcc | 0.4.2 | 5.78 | 40.33 | 46.11 | OK | |
r-devel-linux-x86_64-fedora-clang | 0.4.2 | 80.14 | NOTE | |||
r-devel-linux-x86_64-fedora-gcc | 0.4.2 | 68.56 | OK | |||
r-devel-windows-ix86+x86_64 | 0.4.2 | 15.00 | 69.00 | 84.00 | NOTE | |
r-patched-linux-x86_64 | 0.4.2 | 5.79 | 50.06 | 55.85 | OK | |
r-patched-solaris-x86 | 0.4.2 | 98.10 | NOTE | |||
r-release-linux-x86_64 | 0.4.2 | 5.62 | 50.01 | 55.63 | OK | |
r-release-macos-x86_64 | 0.4.2 | NOTE | ||||
r-release-windows-ix86+x86_64 | 0.4.2 | 16.00 | 68.00 | 84.00 | NOTE | |
r-oldrel-macos-x86_64 | 0.4.2 | NOTE | ||||
r-oldrel-windows-ix86+x86_64 | 0.4.2 | 13.00 | 74.00 | 87.00 | NOTE |
Version: 0.4.2
Check: installed package size
Result: NOTE
installed size is 10.9Mb
sub-directories of 1Mb or more:
help 2.5Mb
www 8.1Mb
Flavors: r-devel-linux-x86_64-fedora-clang, r-devel-windows-ix86+x86_64, r-patched-solaris-x86, r-release-macos-x86_64, r-release-windows-ix86+x86_64, r-oldrel-macos-x86_64, r-oldrel-windows-ix86+x86_64