Last updated on 2021-03-04 00:48:10 CET.
Flavor | Version | Tinstall | Tcheck | Ttotal | Status | Flags |
---|---|---|---|---|---|---|
r-devel-linux-x86_64-debian-clang | 0.4.1 | 5.56 | 43.21 | 48.77 | OK | |
r-devel-linux-x86_64-debian-gcc | 0.4.1 | 3.69 | 34.45 | 38.14 | OK | |
r-devel-linux-x86_64-fedora-clang | 0.4.1 | 66.59 | NOTE | |||
r-devel-linux-x86_64-fedora-gcc | 0.4.1 | 64.85 | OK | |||
r-devel-windows-ix86+x86_64 | 0.4.1 | 14.00 | 54.00 | 68.00 | NOTE | |
r-patched-linux-x86_64 | 0.4.1 | 4.97 | 41.87 | 46.84 | OK | |
r-patched-solaris-x86 | 0.4.1 | 86.30 | NOTE | |||
r-release-linux-x86_64 | 0.4.1 | 4.86 | 42.02 | 46.88 | OK | |
r-release-macos-x86_64 | 0.4.1 | NOTE | ||||
r-release-windows-ix86+x86_64 | 0.4.1 | 28.00 | 52.00 | 80.00 | NOTE | |
r-oldrel-macos-x86_64 | 0.4.1 | NOTE | ||||
r-oldrel-windows-ix86+x86_64 | 0.4.1 | 10.00 | 57.00 | 67.00 | NOTE |
Version: 0.4.1
Check: installed package size
Result: NOTE
installed size is 8.2Mb
sub-directories of 1Mb or more:
www 7.7Mb
Flavors: r-devel-linux-x86_64-fedora-clang, r-devel-windows-ix86+x86_64, r-patched-solaris-x86, r-release-macos-x86_64, r-release-windows-ix86+x86_64, r-oldrel-macos-x86_64, r-oldrel-windows-ix86+x86_64