Last updated on 2021-03-04 00:48:10 CET.
Flavor | Version | Tinstall | Tcheck | Ttotal | Status | Flags |
---|---|---|---|---|---|---|
r-devel-linux-x86_64-debian-clang | 2.0.0 | 3.21 | 33.11 | 36.32 | OK | |
r-devel-linux-x86_64-debian-gcc | 2.0.0 | 2.28 | 25.82 | 28.10 | OK | |
r-devel-linux-x86_64-fedora-gcc | 2.0.0 | 43.21 | NOTE | |||
r-devel-windows-ix86+x86_64 | 2.0.0 | 7.00 | 50.00 | 57.00 | OK | |
r-patched-linux-x86_64 | 2.0.0 | 3.25 | 32.29 | 35.54 | OK | |
r-patched-solaris-x86 | 2.0.0 | 61.20 | NOTE | |||
r-release-linux-x86_64 | 2.0.0 | 3.14 | 32.29 | 35.43 | OK | |
r-release-macos-x86_64 | 2.0.0 | NOTE | ||||
r-release-windows-ix86+x86_64 | 2.0.0 | 6.00 | 46.00 | 52.00 | OK | |
r-oldrel-macos-x86_64 | 2.0.0 | NOTE | ||||
r-oldrel-windows-ix86+x86_64 | 2.0.0 | 5.00 | 54.00 | 59.00 | OK |
Version: 2.0.0
Check: dependencies in R code
Result: NOTE
Namespace in Imports field not imported from: ‘htmltools’
All declared Imports should be used.
Flavors: r-devel-linux-x86_64-fedora-gcc, r-patched-solaris-x86, r-release-macos-x86_64, r-oldrel-macos-x86_64