Last updated on 2021-03-04 00:48:10 CET.
Flavor | Version | Tinstall | Tcheck | Ttotal | Status | Flags |
---|---|---|---|---|---|---|
r-devel-linux-x86_64-debian-clang | 0.1.1 | 506.78 | 127.33 | 634.11 | OK | |
r-devel-linux-x86_64-debian-gcc | 0.1.1 | 333.71 | 93.79 | 427.50 | OK | |
r-devel-linux-x86_64-fedora-clang | 0.1.1 | 963.15 | NOTE | |||
r-devel-linux-x86_64-fedora-gcc | 0.1.1 | 802.68 | OK | |||
r-devel-windows-ix86+x86_64 | 0.1.1 | 1047.00 | 197.00 | 1244.00 | NOTE | |
r-patched-linux-x86_64 | 0.1.1 | 409.29 | 118.75 | 528.04 | OK | |
r-patched-solaris-x86 | 0.1.1 | 667.10 | OK | |||
r-release-linux-x86_64 | 0.1.1 | 401.14 | 119.96 | 521.10 | OK | |
r-release-macos-x86_64 | 0.1.1 | NOTE | ||||
r-release-windows-ix86+x86_64 | 0.1.1 | 871.00 | 167.00 | 1038.00 | NOTE | |
r-oldrel-macos-x86_64 | 0.1.1 | NOTE | ||||
r-oldrel-windows-ix86+x86_64 | 0.1.1 | 1042.00 | 209.00 | 1251.00 | NOTE |
Version: 0.1.1
Check: installed package size
Result: NOTE
installed size is 25.6Mb
sub-directories of 1Mb or more:
doc 2.1Mb
libs 22.5Mb
Flavors: r-devel-linux-x86_64-fedora-clang, r-devel-windows-ix86+x86_64, r-release-macos-x86_64, r-release-windows-ix86+x86_64, r-oldrel-macos-x86_64, r-oldrel-windows-ix86+x86_64