CRAN Package Check Results for Package smog

Last updated on 2021-03-04 00:48:10 CET.

Flavor Version Tinstall Tcheck Ttotal Status Flags
r-devel-linux-x86_64-debian-clang 2.1.0 63.81 69.68 133.49 OK
r-devel-linux-x86_64-debian-gcc 2.1.0 45.26 51.25 96.51 OK
r-devel-linux-x86_64-fedora-clang 2.1.0 195.07 NOTE
r-devel-linux-x86_64-fedora-gcc 2.1.0 166.07 NOTE
r-devel-windows-ix86+x86_64 2.1.0 144.00 120.00 264.00 OK
r-patched-linux-x86_64 2.1.0 50.62 63.78 114.40 OK
r-patched-solaris-x86 2.1.0 180.50 NOTE
r-release-linux-x86_64 2.1.0 52.00 63.84 115.84 OK
r-release-macos-x86_64 2.1.0 NOTE
r-release-windows-ix86+x86_64 2.1.0 107.00 104.00 211.00 OK
r-oldrel-macos-x86_64 2.1.0 NOTE
r-oldrel-windows-ix86+x86_64 2.1.0 128.00 132.00 260.00 OK

Check Details

Version: 2.1.0
Check: dependencies in R code
Result: NOTE
    Namespaces in Imports field not imported from:
     ‘Rdpack’ ‘rmarkdown’
     All declared Imports should be used.
Flavors: r-devel-linux-x86_64-fedora-clang, r-devel-linux-x86_64-fedora-gcc, r-patched-solaris-x86, r-release-macos-x86_64, r-oldrel-macos-x86_64