Last updated on 2021-03-04 00:48:10 CET.
Flavor | Version | Tinstall | Tcheck | Ttotal | Status | Flags |
---|---|---|---|---|---|---|
r-devel-linux-x86_64-debian-clang | 0.4-3 | 2.79 | 26.24 | 29.03 | OK | |
r-devel-linux-x86_64-debian-gcc | 0.4-3 | 2.09 | 20.62 | 22.71 | OK | |
r-devel-linux-x86_64-fedora-clang | 0.4-3 | 47.51 | OK | |||
r-devel-linux-x86_64-fedora-gcc | 0.4-3 | 35.10 | OK | |||
r-devel-windows-ix86+x86_64 | 0.4-3 | 6.00 | 34.00 | 40.00 | OK | |
r-patched-linux-x86_64 | 0.4-3 | 2.65 | 25.23 | 27.88 | OK | |
r-patched-solaris-x86 | 0.4-3 | 49.70 | OK | |||
r-release-linux-x86_64 | 0.4-3 | 2.90 | 25.51 | 28.41 | OK | |
r-release-macos-x86_64 | 0.4-3 | NOTE | ||||
r-release-windows-ix86+x86_64 | 0.4-3 | 7.00 | 29.00 | 36.00 | OK | |
r-oldrel-macos-x86_64 | 0.4-3 | NOTE | ||||
r-oldrel-windows-ix86+x86_64 | 0.4-3 | 34.00 | 44.00 | 78.00 | OK |
Version: 0.4-3
Check: package dependencies
Result: NOTE
Package suggested but not available for checking: ‘Rmpi’
Flavors: r-release-macos-x86_64, r-oldrel-macos-x86_64