CRAN Package Check Results for Package soc.ca

Last updated on 2021-03-04 00:48:10 CET.

Flavor Version Tinstall Tcheck Ttotal Status Flags
r-devel-linux-x86_64-debian-clang 0.7.3 8.55 91.57 100.12 OK
r-devel-linux-x86_64-debian-gcc 0.7.3 6.13 67.73 73.86 OK
r-devel-linux-x86_64-fedora-clang 0.7.3 129.44 NOTE
r-devel-linux-x86_64-fedora-gcc 0.7.3 110.89 NOTE
r-devel-windows-ix86+x86_64 0.7.3 19.00 101.00 120.00 OK
r-patched-linux-x86_64 0.7.3 7.57 82.77 90.34 OK
r-patched-solaris-x86 0.7.3 153.00 NOTE
r-release-linux-x86_64 0.7.3 6.36 83.73 90.09 OK
r-release-macos-x86_64 0.7.3 NOTE
r-release-windows-ix86+x86_64 0.7.3 14.00 100.00 114.00 OK
r-oldrel-macos-x86_64 0.7.3 NOTE
r-oldrel-windows-ix86+x86_64 0.7.3 16.00 112.00 128.00 OK

Check Details

Version: 0.7.3
Check: data for non-ASCII characters
Result: NOTE
     Note: found 833 marked UTF-8 strings
Flavors: r-devel-linux-x86_64-fedora-clang, r-devel-linux-x86_64-fedora-gcc, r-patched-solaris-x86, r-release-macos-x86_64, r-oldrel-macos-x86_64