Last updated on 2021-03-04 00:48:10 CET.
Flavor | Version | Tinstall | Tcheck | Ttotal | Status | Flags |
---|---|---|---|---|---|---|
r-devel-linux-x86_64-debian-clang | 1.8.2 | 16.11 | 314.85 | 330.96 | OK | |
r-devel-linux-x86_64-debian-gcc | 1.8.2 | 13.43 | 223.81 | 237.24 | OK | |
r-devel-linux-x86_64-fedora-clang | 1.8.2 | 398.43 | NOTE | |||
r-devel-linux-x86_64-fedora-gcc | 1.8.2 | 384.68 | OK | |||
r-devel-windows-ix86+x86_64 | 1.8.2 | 27.00 | 347.00 | 374.00 | NOTE | |
r-patched-linux-x86_64 | 1.8.2 | 16.53 | 294.24 | 310.77 | OK | |
r-patched-solaris-x86 | 1.8.2 | 612.40 | NOTE | |||
r-release-linux-x86_64 | 1.8.2 | 14.22 | 295.11 | 309.33 | OK | |
r-release-macos-x86_64 | 1.8.2 | NOTE | ||||
r-release-windows-ix86+x86_64 | 1.8.2 | 23.00 | 288.00 | 311.00 | NOTE | |
r-oldrel-macos-x86_64 | 1.8.2 | NOTE | ||||
r-oldrel-windows-ix86+x86_64 | 1.8.2 | 27.00 | 375.00 | 402.00 | NOTE |
Version: 1.8.2
Check: installed package size
Result: NOTE
installed size is 6.4Mb
sub-directories of 1Mb or more:
doc 4.5Mb
Flavors: r-devel-linux-x86_64-fedora-clang, r-devel-windows-ix86+x86_64, r-patched-solaris-x86, r-release-macos-x86_64, r-release-windows-ix86+x86_64, r-oldrel-macos-x86_64, r-oldrel-windows-ix86+x86_64