CRAN Package Check Results for Package spANOVA

Last updated on 2021-03-04 00:48:11 CET.

Flavor Version Tinstall Tcheck Ttotal Status Flags
r-devel-linux-x86_64-debian-clang 0.99.2 28.08 226.44 254.52 OK
r-devel-linux-x86_64-debian-gcc 0.99.2 21.93 170.45 192.38 OK
r-devel-linux-x86_64-fedora-clang 0.99.2 314.67 OK
r-devel-linux-x86_64-fedora-gcc 0.99.2 297.19 OK
r-devel-windows-ix86+x86_64 0.99.2 51.00 199.00 250.00 OK
r-patched-linux-x86_64 0.99.2 28.95 209.11 238.06 OK
r-patched-solaris-x86 0.99.2 501.10 OK
r-release-linux-x86_64 0.99.2 27.16 210.01 237.17 OK
r-release-macos-x86_64 0.99.2 OK
r-release-windows-ix86+x86_64 0.99.2 39.00 176.00 215.00 OK
r-oldrel-macos-x86_64 0.99.2 WARN
r-oldrel-windows-ix86+x86_64 0.99.2 45.00 219.00 264.00 OK

Check Details

Version: 0.99.2
Check: dependencies in R code
Result: NOTE
    No protocol specified
    No protocol specified
Flavor: r-oldrel-macos-x86_64

Version: 0.99.2
Check: S3 generic/method consistency
Result: WARN
    No protocol specified
    No protocol specified
    See section ‘Generic functions and methods’ in the ‘Writing R
    Extensions’ manual.
Flavor: r-oldrel-macos-x86_64

Version: 0.99.2
Check: replacement functions
Result: WARN
    No protocol specified
    No protocol specified
    The argument of a replacement function which corresponds to the right
    hand side must be named ‘value’.
Flavor: r-oldrel-macos-x86_64

Version: 0.99.2
Check: foreign function calls
Result: NOTE
    No protocol specified
    No protocol specified
    See chapter ‘System and foreign language interfaces’ in the ‘Writing R
    Extensions’ manual.
Flavor: r-oldrel-macos-x86_64

Version: 0.99.2
Check: R code for possible problems
Result: NOTE
    No protocol specified
    No protocol specified
Flavor: r-oldrel-macos-x86_64

Version: 0.99.2
Check: for missing documentation entries
Result: WARN
    No protocol specified
    No protocol specified
    All user-level objects in a package should have documentation entries.
    See chapter ‘Writing R documentation files’ in the ‘Writing R
    Extensions’ manual.
Flavor: r-oldrel-macos-x86_64

Version: 0.99.2
Check: for code/documentation mismatches
Result: WARN
    No protocol specified
    No protocol specified
    No protocol specified
    No protocol specified
    No protocol specified
    No protocol specified
Flavor: r-oldrel-macos-x86_64

Version: 0.99.2
Check: Rd \usage sections
Result: NOTE
    No protocol specified
    No protocol specified
    The \usage entries for S3 methods should use the \method markup and not
    their full name.
    See chapter ‘Writing R documentation files’ in the ‘Writing R
    Extensions’ manual.
Flavor: r-oldrel-macos-x86_64