CRAN Package Check Results for Package spant

Last updated on 2021-03-04 00:48:11 CET.

Flavor Version Tinstall Tcheck Ttotal Status Flags
r-devel-linux-x86_64-debian-clang 1.10.0 20.06 217.43 237.49 OK
r-devel-linux-x86_64-debian-gcc 1.10.0 14.86 170.71 185.57 OK
r-devel-linux-x86_64-fedora-clang 1.10.0 297.56 NOTE
r-devel-linux-x86_64-fedora-gcc 1.10.0 293.87 NOTE
r-devel-windows-ix86+x86_64 1.10.0 33.00 295.00 328.00 OK
r-patched-linux-x86_64 1.10.0 18.02 215.19 233.21 OK
r-patched-solaris-x86 1.10.0 575.10 NOTE
r-release-linux-x86_64 1.10.0 18.73 209.92 228.65 OK
r-release-macos-x86_64 1.10.0 NOTE
r-release-windows-ix86+x86_64 1.10.0 27.00 262.00 289.00 OK
r-oldrel-macos-x86_64 1.10.0 NOTE
r-oldrel-windows-ix86+x86_64 1.10.0 34.00 323.00 357.00 OK

Check Details

Version: 1.10.0
Check: package dependencies
Result: NOTE
    Imports includes 24 non-default packages.
    Importing from so many packages makes the package vulnerable to any of
    them becoming unavailable. Move as many as possible to Suggests and
    use conditionally.
Flavor: r-devel-linux-x86_64-fedora-clang

Version: 1.10.0
Check: dependencies in R code
Result: NOTE
    Namespace in Imports field not imported from: ‘foreach’
     All declared Imports should be used.
Flavors: r-devel-linux-x86_64-fedora-clang, r-devel-linux-x86_64-fedora-gcc, r-patched-solaris-x86, r-release-macos-x86_64, r-oldrel-macos-x86_64