Last updated on 2021-03-04 00:48:11 CET.
Flavor | Version | Tinstall | Tcheck | Ttotal | Status | Flags |
---|---|---|---|---|---|---|
r-devel-linux-x86_64-debian-clang | 0.0.8 | 4.87 | 54.16 | 59.03 | OK | |
r-devel-linux-x86_64-debian-gcc | 0.0.8 | 3.37 | 42.44 | 45.81 | OK | |
r-devel-linux-x86_64-fedora-clang | 0.0.8 | 79.24 | NOTE | |||
r-devel-linux-x86_64-fedora-gcc | 0.0.8 | 70.79 | OK | |||
r-devel-windows-ix86+x86_64 | 0.0.8 | 8.00 | 63.00 | 71.00 | OK | |
r-patched-linux-x86_64 | 0.0.8 | 4.98 | 52.16 | 57.14 | OK | |
r-patched-solaris-x86 | 0.0.8 | 109.20 | OK | |||
r-release-linux-x86_64 | 0.0.8 | 4.54 | 52.85 | 57.39 | OK | |
r-release-macos-x86_64 | 0.0.8 | OK | ||||
r-release-windows-ix86+x86_64 | 0.0.8 | 9.00 | 62.00 | 71.00 | OK | |
r-oldrel-macos-x86_64 | 0.0.8 | OK | ||||
r-oldrel-windows-ix86+x86_64 | 0.0.8 | 7.00 | 67.00 | 74.00 | OK |
Version: 0.0.8
Check: Rd cross-references
Result: NOTE
Undeclared package ‘sparsebn’ in Rd xrefs
Flavor: r-devel-linux-x86_64-fedora-clang