Last updated on 2021-03-04 00:48:11 CET.
Flavor | Version | Tinstall | Tcheck | Ttotal | Status | Flags |
---|---|---|---|---|---|---|
r-devel-linux-x86_64-debian-clang | 0.2.3 | 281.79 | 33.96 | 315.75 | OK | |
r-devel-linux-x86_64-debian-gcc | 0.2.3 | 222.03 | 27.39 | 249.42 | OK | |
r-devel-linux-x86_64-fedora-clang | 0.2.3 | 446.25 | NOTE | |||
r-devel-linux-x86_64-fedora-gcc | 0.2.3 | 461.56 | OK | |||
r-devel-windows-ix86+x86_64 | 0.2.3 | 620.00 | 91.00 | 711.00 | NOTE | |
r-patched-linux-x86_64 | 0.2.3 | 254.18 | 32.88 | 287.06 | OK | |
r-patched-solaris-x86 | 0.2.3 | 335.30 | OK | |||
r-release-linux-x86_64 | 0.2.3 | 256.02 | 33.12 | 289.14 | OK | |
r-release-macos-x86_64 | 0.2.3 | NOTE | ||||
r-release-windows-ix86+x86_64 | 0.2.3 | 459.00 | 74.00 | 533.00 | NOTE | |
r-oldrel-macos-x86_64 | 0.2.3 | NOTE | ||||
r-oldrel-windows-ix86+x86_64 | 0.2.3 | 605.00 | 90.00 | 695.00 | NOTE |
Version: 0.2.3
Check: installed package size
Result: NOTE
installed size is 27.9Mb
sub-directories of 1Mb or more:
doc 1.2Mb
libs 26.3Mb
Flavors: r-devel-linux-x86_64-fedora-clang, r-devel-windows-ix86+x86_64, r-release-macos-x86_64, r-release-windows-ix86+x86_64, r-oldrel-macos-x86_64, r-oldrel-windows-ix86+x86_64