Last updated on 2021-03-04 00:48:11 CET.
Flavor | Version | Tinstall | Tcheck | Ttotal | Status | Flags |
---|---|---|---|---|---|---|
r-devel-linux-x86_64-debian-clang | 1.3-2 | 11.94 | 176.78 | 188.72 | OK | |
r-devel-linux-x86_64-debian-gcc | 1.3-2 | 9.51 | 132.89 | 142.40 | OK | |
r-devel-linux-x86_64-fedora-clang | 1.3-2 | 228.75 | NOTE | |||
r-devel-linux-x86_64-fedora-gcc | 1.3-2 | 224.69 | NOTE | |||
r-devel-windows-ix86+x86_64 | 1.3-2 | 25.00 | 181.00 | 206.00 | OK | |
r-patched-linux-x86_64 | 1.3-2 | 12.50 | 167.07 | 179.57 | OK | |
r-patched-solaris-x86 | 1.3-2 | 318.30 | NOTE | |||
r-release-linux-x86_64 | 1.3-2 | 13.37 | 166.38 | 179.75 | OK | |
r-release-macos-x86_64 | 1.3-2 | NOTE | ||||
r-release-windows-ix86+x86_64 | 1.3-2 | 19.00 | 177.00 | 196.00 | OK | |
r-oldrel-macos-x86_64 | 1.3-2 | NOTE | ||||
r-oldrel-windows-ix86+x86_64 | 1.3-2 | 22.00 | 213.00 | 235.00 | OK |
Version: 1.3-2
Check: dependencies in R code
Result: NOTE
Namespace in Imports field not imported from: ‘sp’
All declared Imports should be used.
Flavors: r-devel-linux-x86_64-fedora-clang, r-devel-linux-x86_64-fedora-gcc, r-patched-solaris-x86, r-release-macos-x86_64, r-oldrel-macos-x86_64