CRAN Package Check Results for Package stUPscales

Last updated on 2021-03-04 00:48:11 CET.

Flavor Version Tinstall Tcheck Ttotal Status Flags
r-devel-linux-x86_64-debian-clang 1.0.3.4 18.38 191.87 210.25 NOTE
r-devel-linux-x86_64-debian-gcc 1.0.3.4 15.67 148.01 163.68 NOTE
r-devel-linux-x86_64-fedora-clang 1.0.3.4 256.41 NOTE
r-devel-linux-x86_64-fedora-gcc 1.0.3.4 248.72 NOTE
r-devel-windows-ix86+x86_64 1.0.3.4 50.00 242.00 292.00 OK
r-patched-linux-x86_64 1.0.3.4 17.69 179.66 197.35 NOTE
r-patched-solaris-x86 1.0.3.4 376.90 NOTE
r-release-linux-x86_64 1.0.3.4 16.46 180.32 196.78 NOTE
r-release-macos-x86_64 1.0.3.4 OK
r-release-windows-ix86+x86_64 1.0.3.4 35.00 240.00 275.00 OK
r-oldrel-macos-x86_64 1.0.3.4 ERROR
r-oldrel-windows-ix86+x86_64 1.0.3.4 46.00 259.00 305.00 OK

Check Details

Version: 1.0.3.4
Check: for non-standard things in the check directory
Result: NOTE
    Found the following files/directories:
     'EmiStatR_output' 'ExamplePlot-event.pdf' 'ExamplePlot-season.pdf'
     'Output1_MC-uncertainty_360min-event.pdf'
     'Output1_MC-uncertainty_360min-season.pdf' 'gof.RData' 'gof.csv'
     'gofGoF_results.RData' 'gofGoF_results.csv' 'mc.RData' 'sim1.RData'
     'summ.RData' 'variance.RData'
Flavors: r-devel-linux-x86_64-debian-clang, r-devel-linux-x86_64-debian-gcc, r-devel-linux-x86_64-fedora-clang, r-devel-linux-x86_64-fedora-gcc, r-patched-linux-x86_64, r-patched-solaris-x86, r-release-linux-x86_64

Version: 1.0.3.4
Check: package dependencies
Result: ERROR
    Package required but not available: ‘EmiStatR’
    
    See section ‘The DESCRIPTION file’ in the ‘Writing R Extensions’
    manual.
Flavor: r-oldrel-macos-x86_64