CRAN Package Check Results for Package stargazer

Last updated on 2021-03-04 00:48:11 CET.

Flavor Version Tinstall Tcheck Ttotal Status Flags
r-devel-linux-x86_64-debian-clang 5.2.2 10.79 61.69 72.48 OK
r-devel-linux-x86_64-debian-gcc 5.2.2 10.13 47.14 57.27 OK
r-devel-linux-x86_64-fedora-clang 5.2.2 105.76 OK
r-devel-linux-x86_64-fedora-gcc 5.2.2 94.10 OK
r-devel-windows-ix86+x86_64 5.2.2 20.00 68.00 88.00 OK
r-patched-linux-x86_64 5.2.2 10.94 55.90 66.84 OK
r-patched-solaris-x86 5.2.2 112.90 OK
r-release-linux-x86_64 5.2.2 10.64 56.06 66.70 OK
r-release-macos-x86_64 5.2.2 NOTE
r-release-windows-ix86+x86_64 5.2.2 16.00 65.00 81.00 OK
r-oldrel-macos-x86_64 5.2.2 NOTE
r-oldrel-windows-ix86+x86_64 5.2.2 17.00 80.00 97.00 OK

Check Details

Version: 5.2.2
Check: package dependencies
Result: NOTE
    Package which this enhances but not available for checking: ‘Zelig’
Flavor: r-release-macos-x86_64

Version: 5.2.2
Check: package dependencies
Result: NOTE
    Package which this enhances but not available for checking: ‘mnlogit’
Flavor: r-oldrel-macos-x86_64