Last updated on 2021-03-04 00:48:11 CET.
Flavor | Version | Tinstall | Tcheck | Ttotal | Status | Flags |
---|---|---|---|---|---|---|
r-devel-linux-x86_64-debian-clang | 1.2.0 | 7.55 | 99.46 | 107.01 | OK | |
r-devel-linux-x86_64-debian-gcc | 1.2.0 | 6.34 | 76.96 | 83.30 | OK | |
r-devel-linux-x86_64-fedora-clang | 1.2.0 | 131.34 | NOTE | |||
r-devel-linux-x86_64-fedora-gcc | 1.2.0 | 124.64 | NOTE | |||
r-devel-windows-ix86+x86_64 | 1.2.0 | 12.00 | 118.00 | 130.00 | OK | |
r-patched-linux-x86_64 | 1.2.0 | 6.96 | 97.47 | 104.43 | OK | |
r-patched-solaris-x86 | 1.2.0 | 168.20 | NOTE | |||
r-release-linux-x86_64 | 1.2.0 | 7.20 | 99.08 | 106.28 | OK | |
r-release-macos-x86_64 | 1.2.0 | NOTE | ||||
r-release-windows-ix86+x86_64 | 1.2.0 | 11.00 | 102.00 | 113.00 | OK | |
r-oldrel-macos-x86_64 | 1.2.0 | NOTE | ||||
r-oldrel-windows-ix86+x86_64 | 1.2.0 | 13.00 | 130.00 | 143.00 | OK |
Version: 1.2.0
Check: dependencies in R code
Result: NOTE
Namespaces in Imports field not imported from:
‘pander’ ‘readr’ ‘tidyselect’
All declared Imports should be used.
Flavors: r-devel-linux-x86_64-fedora-clang, r-devel-linux-x86_64-fedora-gcc, r-patched-solaris-x86, r-release-macos-x86_64, r-oldrel-macos-x86_64