CRAN Package Check Results for Package stmCorrViz

Last updated on 2021-03-04 00:48:11 CET.

Flavor Version Tinstall Tcheck Ttotal Status Flags
r-devel-linux-x86_64-debian-clang 1.3 2.63 40.27 42.90 NOTE
r-devel-linux-x86_64-debian-gcc 1.3 2.02 30.75 32.77 NOTE
r-devel-linux-x86_64-fedora-clang 1.3 61.12 NOTE
r-devel-linux-x86_64-fedora-gcc 1.3 50.82 NOTE
r-devel-windows-ix86+x86_64 1.3 7.00 52.00 59.00 OK
r-patched-linux-x86_64 1.3 2.52 38.11 40.63 NOTE
r-patched-solaris-x86 1.3 76.70 NOTE
r-release-linux-x86_64 1.3 2.56 39.99 42.55 NOTE
r-release-macos-x86_64 1.3 NOTE
r-release-windows-ix86+x86_64 1.3 5.00 50.00 55.00 OK
r-oldrel-macos-x86_64 1.3 NOTE
r-oldrel-windows-ix86+x86_64 1.3 4.00 54.00 58.00 OK

Check Details

Version: 1.3
Check: for non-standard things in the check directory
Result: NOTE
    Found the following files/directories:
     'corrviz.html'
Flavors: r-devel-linux-x86_64-debian-clang, r-devel-linux-x86_64-debian-gcc, r-devel-linux-x86_64-fedora-clang, r-devel-linux-x86_64-fedora-gcc, r-patched-linux-x86_64, r-patched-solaris-x86, r-release-linux-x86_64

Version: 1.3
Check: dependencies in R code
Result: NOTE
    Namespaces in Imports field not imported from:
     ‘SnowballC’ ‘tm’
     All declared Imports should be used.
Flavors: r-devel-linux-x86_64-fedora-clang, r-devel-linux-x86_64-fedora-gcc, r-patched-solaris-x86, r-release-macos-x86_64, r-oldrel-macos-x86_64