Last updated on 2021-03-04 00:48:11 CET.
Flavor | Version | Tinstall | Tcheck | Ttotal | Status | Flags |
---|---|---|---|---|---|---|
r-devel-linux-x86_64-debian-clang | 1.4-0 | 140.96 | 191.09 | 332.05 | OK | |
r-devel-linux-x86_64-debian-gcc | 1.4-0 | 102.30 | 141.79 | 244.09 | OK | |
r-devel-linux-x86_64-fedora-clang | 1.4-0 | 457.46 | NOTE | |||
r-devel-linux-x86_64-fedora-gcc | 1.4-0 | 419.47 | NOTE | |||
r-devel-windows-ix86+x86_64 | 1.4-0 | 334.00 | 288.00 | 622.00 | NOTE | |
r-patched-linux-x86_64 | 1.4-0 | 124.73 | 176.34 | 301.07 | OK | |
r-patched-solaris-x86 | 1.4-0 | 410.20 | NOTE | |||
r-release-linux-x86_64 | 1.4-0 | 117.18 | 180.32 | 297.50 | OK | |
r-release-macos-x86_64 | 1.4-0 | NOTE | ||||
r-release-windows-ix86+x86_64 | 1.4-0 | 249.00 | 290.00 | 539.00 | NOTE | |
r-oldrel-macos-x86_64 | 1.4-0 | NOTE | ||||
r-oldrel-windows-ix86+x86_64 | 1.4-0 | 304.00 | 321.00 | 625.00 | NOTE |
Version: 1.4-0
Check: installed package size
Result: NOTE
installed size is 14.9Mb
sub-directories of 1Mb or more:
doc 2.3Mb
libs 11.8Mb
Flavors: r-devel-linux-x86_64-fedora-clang, r-devel-windows-ix86+x86_64, r-release-macos-x86_64, r-release-windows-ix86+x86_64, r-oldrel-macos-x86_64, r-oldrel-windows-ix86+x86_64
Version: 1.4-0
Check: dependencies in R code
Result: NOTE
Namespace in Imports field not imported from: ‘dbscan’
All declared Imports should be used.
Flavors: r-devel-linux-x86_64-fedora-clang, r-devel-linux-x86_64-fedora-gcc, r-patched-solaris-x86, r-release-macos-x86_64, r-oldrel-macos-x86_64