CRAN Package Check Results for Package strucchange

Last updated on 2021-03-04 00:48:11 CET.

Flavor Version Tinstall Tcheck Ttotal Status Flags
r-devel-linux-x86_64-debian-clang 1.5-2 10.53 110.01 120.54 NOTE
r-devel-linux-x86_64-debian-gcc 1.5-2 8.34 80.48 88.82 NOTE
r-devel-linux-x86_64-fedora-clang 1.5-2 146.72 NOTE
r-devel-linux-x86_64-fedora-gcc 1.5-2 131.88 NOTE
r-devel-windows-ix86+x86_64 1.5-2 20.00 148.00 168.00 NOTE
r-patched-linux-x86_64 1.5-2 9.72 101.61 111.33 NOTE
r-patched-solaris-x86 1.5-2 176.30 NOTE
r-release-linux-x86_64 1.5-2 9.92 103.52 113.44 NOTE
r-release-macos-x86_64 1.5-2 NOTE
r-release-windows-ix86+x86_64 1.5-2 17.00 150.00 167.00 NOTE
r-oldrel-macos-x86_64 1.5-2 NOTE
r-oldrel-windows-ix86+x86_64 1.5-2 26.00 168.00 194.00 NOTE

Additional issues

rchk

Check Details

Version: 1.5-2
Check: R code for possible problems
Result: NOTE
    efpFunctional: multiple local function definitions for 'plotProcess'
     with different formal arguments
    mefp.efp: multiple local function definitions for 'computeEmpProc' with
     different formal arguments
Flavors: r-devel-linux-x86_64-debian-clang, r-devel-linux-x86_64-debian-gcc, r-devel-linux-x86_64-fedora-clang, r-devel-linux-x86_64-fedora-gcc, r-devel-windows-ix86+x86_64, r-patched-linux-x86_64, r-patched-solaris-x86, r-release-linux-x86_64, r-release-macos-x86_64, r-release-windows-ix86+x86_64, r-oldrel-macos-x86_64, r-oldrel-windows-ix86+x86_64