Last updated on 2021-03-04 00:48:12 CET.
Flavor | Version | Tinstall | Tcheck | Ttotal | Status | Flags |
---|---|---|---|---|---|---|
r-devel-linux-x86_64-debian-clang | 3.7.0 | 20.23 | 182.67 | 202.90 | OK | --no-vignettes |
r-devel-linux-x86_64-debian-gcc | 3.7.0 | 15.98 | 138.97 | 154.95 | OK | --no-vignettes |
r-devel-linux-x86_64-fedora-clang | 3.7.0 | 1534.86 | OK | |||
r-devel-linux-x86_64-fedora-gcc | 3.7.0 | 1515.40 | OK | |||
r-devel-windows-ix86+x86_64 | 3.7.0 | 41.00 | 333.00 | 374.00 | OK | --no-vignettes |
r-patched-linux-x86_64 | 3.7.0 | 18.40 | 170.58 | 188.98 | OK | --no-vignettes |
r-patched-solaris-x86 | 3.7.0 | 2228.00 | WARN | |||
r-release-linux-x86_64 | 3.7.0 | 17.70 | 169.02 | 186.72 | OK | --no-vignettes |
r-release-macos-x86_64 | 3.7.0 | OK | ||||
r-release-windows-ix86+x86_64 | 3.7.0 | 39.00 | 342.00 | 381.00 | OK | --no-vignettes |
r-oldrel-macos-x86_64 | 3.7.0 | OK | ||||
r-oldrel-windows-ix86+x86_64 | 3.7.0 | 42.00 | 330.00 | 372.00 | OK | --no-vignettes |
Version: 3.7.0
Check: re-building of vignette outputs
Result: WARN
Error(s) in re-building vignettes:
...
--- re-building ‘STERGM.Rnw’ using knitr
Loading required package: ergm
Loading required package: network
network: Classes for Relational Data
Version 1.16.1 created on 2020-10-06.
copyright (c) 2005, Carter T. Butts, University of California-Irvine
Mark S. Handcock, University of California -- Los Angeles
David R. Hunter, Penn State University
Martina Morris, University of Washington
Skye Bender-deMoll, University of Washington
For citation information, type citation("network").
Type help("network-package") to get started.
ergm: version 3.11.0, created on 2020-10-14
Copyright (c) 2020, Mark S. Handcock, University of California -- Los Angeles
David R. Hunter, Penn State University
Carter T. Butts, University of California -- Irvine
Steven M. Goodreau, University of Washington
Pavel N. Krivitsky, UNSW Sydney
Martina Morris, University of Washington
with contributions from
Li Wang
Kirk Li, University of Washington
Skye Bender-deMoll, University of Washington
Chad Klumb
Michał Bojanowski, Kozminski University
Ben Bolker
Based on "statnet" project software (statnet.org).
For license and citation information see statnet.org/attribution
or type citation("ergm").
NOTE: Versions before 3.6.1 had a bug in the
implementation of the bd() constraint which distorted
the sampled distribution somewhat. In addition,
Sampson's Monks datasets had mislabeled vertices. See
the NEWS and the documentation for more details.
NOTE: Some common term arguments pertaining to vertex
attribute and level selection have changed in 3.10.0.
See terms help for more details. Use
'options(ergm.term=list(version="3.9.4"))' to use old
behavior.
Loading required package: networkDynamic
networkDynamic: version 0.10.1, created on 2020-01-16
Copyright (c) 2020, Carter T. Butts, University of California -- Irvine
Ayn Leslie-Cook, University of Washington
Pavel N. Krivitsky, University of Wollongong
Skye Bender-deMoll, University of Washington
with contributions from
Zack Almquist, University of California -- Irvine
David R. Hunter, Penn State University
Li Wang
Kirk Li, University of Washington
Steven M. Goodreau, University of Washington
Jeffrey Horner
Martina Morris, University of Washington
Based on "statnet" project software (statnet.org).
For license and citation information see statnet.org/attribution
or type citation("networkDynamic").
tergm: version 3.7.0, created on 2020-10-15
Copyright (c) 2020, Pavel N. Krivitsky, UNSW Sydney
Mark S. Handcock, University of California -- Los Angeles
with contributions from
David R. Hunter, Penn State University
Steven M. Goodreau, University of Washington
Martina Morris, University of Washington
Nicole Bohme Carnegie, New York University
Carter T. Butts, University of California -- Irvine
Ayn Leslie-Cook, University of Washington
Skye Bender-deMoll
Li Wang
Kirk Li, University of Washington
Chad Klumb
Based on "statnet" project software (statnet.org).
For license and citation information see statnet.org/attribution
or type citation("tergm").
Flavor: r-patched-solaris-x86