Last updated on 2021-03-04 00:48:12 CET.
Flavor | Version | Tinstall | Tcheck | Ttotal | Status | Flags |
---|---|---|---|---|---|---|
r-devel-linux-x86_64-debian-clang | 0.9.10 | 17.27 | 175.22 | 192.49 | OK | |
r-devel-linux-x86_64-debian-gcc | 0.9.10 | 14.78 | 132.46 | 147.24 | OK | |
r-devel-linux-x86_64-fedora-clang | 0.9.10 | 242.82 | NOTE | |||
r-devel-linux-x86_64-fedora-gcc | 0.9.10 | 163.97 | NOTE | |||
r-devel-windows-ix86+x86_64 | 0.9.10 | 44.00 | 189.00 | 233.00 | OK | |
r-patched-linux-x86_64 | 0.9.10 | 18.25 | 165.48 | 183.73 | OK | |
r-patched-solaris-x86 | 0.9.10 | 373.10 | NOTE | |||
r-release-linux-x86_64 | 0.9.10 | 16.81 | 166.98 | 183.79 | OK | |
r-release-macos-x86_64 | 0.9.10 | NOTE | ||||
r-release-windows-ix86+x86_64 | 0.9.10 | 30.00 | 160.00 | 190.00 | OK | |
r-oldrel-macos-x86_64 | 0.9.10 | ERROR |
Version: 0.9.10
Check: data for non-ASCII characters
Result: NOTE
Note: found 3 marked UTF-8 strings
Flavors: r-devel-linux-x86_64-fedora-clang, r-devel-linux-x86_64-fedora-gcc, r-patched-solaris-x86, r-release-macos-x86_64
Version: 0.9.10
Check: whether package can be installed
Result: ERROR
Installation failed.
Flavor: r-oldrel-macos-x86_64