Last updated on 2021-03-04 00:48:12 CET.
Flavor | Version | Tinstall | Tcheck | Ttotal | Status | Flags |
---|---|---|---|---|---|---|
r-devel-linux-x86_64-debian-clang | 0.4.0 | 29.84 | 170.62 | 200.46 | OK | |
r-devel-linux-x86_64-debian-gcc | 0.4.0 | 22.11 | 129.83 | 151.94 | OK | |
r-devel-linux-x86_64-fedora-clang | 0.4.0 | 249.82 | NOTE | |||
r-devel-linux-x86_64-fedora-gcc | 0.4.0 | 235.46 | NOTE | |||
r-devel-windows-ix86+x86_64 | 0.4.0 | 67.00 | 261.00 | 328.00 | OK | |
r-patched-linux-x86_64 | 0.4.0 | 28.31 | 162.11 | 190.42 | OK | |
r-patched-solaris-x86 | 0.4.0 | 321.90 | NOTE | |||
r-release-linux-x86_64 | 0.4.0 | 23.73 | 161.40 | 185.13 | OK | |
r-release-macos-x86_64 | 0.4.0 | NOTE | ||||
r-release-windows-ix86+x86_64 | 0.4.0 | 56.00 | 226.00 | 282.00 | OK | |
r-oldrel-macos-x86_64 | 0.4.0 | NOTE | ||||
r-oldrel-windows-ix86+x86_64 | 0.4.0 | 63.00 | 278.00 | 341.00 | OK |
Version: 0.4.0
Check: dependencies in R code
Result: NOTE
Namespace in Imports field not imported from: ‘stringr’
All declared Imports should be used.
Flavors: r-devel-linux-x86_64-fedora-clang, r-devel-linux-x86_64-fedora-gcc, r-patched-solaris-x86, r-release-macos-x86_64, r-oldrel-macos-x86_64