Last updated on 2021-03-04 00:48:12 CET.
Flavor | Version | Tinstall | Tcheck | Ttotal | Status | Flags |
---|---|---|---|---|---|---|
r-devel-linux-x86_64-debian-clang | 0.1.5 | 43.58 | 58.06 | 101.64 | OK | |
r-devel-linux-x86_64-debian-gcc | 0.1.5 | 27.82 | 45.50 | 73.32 | OK | |
r-devel-linux-x86_64-fedora-clang | 0.1.5 | 145.66 | NOTE | |||
r-devel-linux-x86_64-fedora-gcc | 0.1.5 | 123.33 | OK | |||
r-devel-windows-ix86+x86_64 | 0.1.5 | 83.00 | 108.00 | 191.00 | NOTE | |
r-patched-linux-x86_64 | 0.1.5 | 31.54 | 55.51 | 87.05 | OK | |
r-patched-solaris-x86 | 0.1.5 | 146.20 | OK | |||
r-release-linux-x86_64 | 0.1.5 | 31.84 | 54.54 | 86.38 | OK | |
r-release-macos-x86_64 | 0.1.5 | OK | ||||
r-release-windows-ix86+x86_64 | 0.1.5 | 77.00 | 89.00 | 166.00 | NOTE | |
r-oldrel-macos-x86_64 | 0.1.5 | OK | ||||
r-oldrel-windows-ix86+x86_64 | 0.1.5 | 93.00 | 108.00 | 201.00 | OK |
Version: 0.1.5
Check: Rd cross-references
Result: NOTE
Undeclared package ‘tm’ in Rd xrefs
Flavor: r-devel-linux-x86_64-fedora-clang
Version: 0.1.5
Check: installed package size
Result: NOTE
installed size is 5.3Mb
sub-directories of 1Mb or more:
extdata 2.9Mb
libs 2.1Mb
Flavors: r-devel-windows-ix86+x86_64, r-release-windows-ix86+x86_64