Last updated on 2021-03-04 00:48:12 CET.
Flavor | Version | Tinstall | Tcheck | Ttotal | Status | Flags |
---|---|---|---|---|---|---|
r-devel-linux-x86_64-debian-clang | 1.0.2 | 40.48 | 376.24 | 416.72 | OK | |
r-devel-linux-x86_64-debian-gcc | 1.0.2 | 27.48 | 279.13 | 306.61 | OK | |
r-devel-linux-x86_64-fedora-clang | 1.0.2 | 579.61 | NOTE | |||
r-devel-linux-x86_64-fedora-gcc | 1.0.2 | 487.58 | OK | |||
r-devel-windows-ix86+x86_64 | 1.0.2 | 98.00 | 501.00 | 599.00 | NOTE | |
r-patched-linux-x86_64 | 1.0.2 | 34.43 | 353.38 | 387.81 | OK | |
r-patched-solaris-x86 | 1.0.2 | 698.00 | OK | |||
r-release-linux-x86_64 | 1.0.2 | 27.85 | 346.48 | 374.33 | OK | |
r-release-macos-x86_64 | 1.0.2 | OK | ||||
r-release-windows-ix86+x86_64 | 1.0.2 | 73.00 | 459.00 | 532.00 | NOTE | |
r-oldrel-macos-x86_64 | 1.0.2 | OK | ||||
r-oldrel-windows-ix86+x86_64 | 1.0.2 | 87.00 | 567.00 | 654.00 | OK |
Version: 1.0.2
Check: Rd cross-references
Result: NOTE
Undeclared package ‘glmnet’ in Rd xrefs
Flavor: r-devel-linux-x86_64-fedora-clang
Version: 1.0.2
Check: installed package size
Result: NOTE
installed size is 5.0Mb
sub-directories of 1Mb or more:
doc 1.0Mb
libs 2.2Mb
references 1.1Mb
Flavors: r-devel-windows-ix86+x86_64, r-release-windows-ix86+x86_64