CRAN Package Check Results for Package tidystats

Last updated on 2021-03-04 00:48:12 CET.

Flavor Version Tinstall Tcheck Ttotal Status Flags
r-devel-linux-x86_64-debian-clang 0.5 5.01 76.03 81.04 OK
r-devel-linux-x86_64-debian-gcc 0.5 3.85 56.53 60.38 OK
r-devel-linux-x86_64-fedora-clang 0.5 104.46 NOTE
r-devel-linux-x86_64-fedora-gcc 0.5 93.95 NOTE
r-devel-windows-ix86+x86_64 0.5 11.00 83.00 94.00 OK
r-patched-linux-x86_64 0.5 5.32 69.37 74.69 OK
r-patched-solaris-x86 0.5 130.70 NOTE
r-release-linux-x86_64 0.5 5.92 70.32 76.24 OK
r-release-macos-x86_64 0.5 NOTE
r-release-windows-ix86+x86_64 0.5 11.00 73.00 84.00 OK
r-oldrel-macos-x86_64 0.5 ERROR
r-oldrel-windows-ix86+x86_64 0.5 11.00 87.00 98.00 ERROR

Check Details

Version: 0.5
Check: data for non-ASCII characters
Result: NOTE
     Note: found 113 marked UTF-8 strings
Flavors: r-devel-linux-x86_64-fedora-clang, r-devel-linux-x86_64-fedora-gcc, r-patched-solaris-x86, r-release-macos-x86_64, r-oldrel-macos-x86_64

Version: 0.5
Check: tests
Result: ERROR
     Running ‘testthat.R’ [13s/13s]
    Running the tests in ‘tests/testthat.R’ failed.
    Last 13 lines of output:
     Error: 'formula' missing or incorrect
     Backtrace:
     █
     1. ├─stats::t.test(extra ~ 1, data = sleep) test_htest.R:14:2
     2. └─stats:::t.test.formula(extra ~ 1, data = sleep)
     ── Failure (test_htest.R:168:3): wilcoxon signed rank exact tests works ────────
     `tidy_model` not equal to `tidy_model_test`.
     Component "method": 1 string mismatch
     ── Failure (test_htest.R:212:3): wilcoxon rank sum tests works ─────────────────
     `tidy_model` not equal to `tidy_model_test`.
     Component "method": 1 string mismatch
    
     [ FAIL 3 | WARN 0 | SKIP 0 | PASS 68 ]
     Error: Test failures
     Execution halted
Flavor: r-oldrel-macos-x86_64

Version: 0.5
Check: tests
Result: ERROR
     Running 'testthat.R' [18s]
    Running the tests in 'tests/testthat.R' failed.
    Complete output:
     > library(testthat)
     > library(tidystats)
     Welcome to tidystats 0.5.
     Please note that this update (again) breaks much of the code from previous versions; so please check your old code carefully.
     >
     > test_check("tidystats")
     == Failed tests ================================================================
     -- Error (test_htest.R:14:3): one sample t-tests works -------------------------
     Error: 'formula' missing or incorrect
     Backtrace:
     x
     1. +-stats::t.test(extra ~ 1, data = sleep) test_htest.R:14:2
     2. \-stats:::t.test.formula(extra ~ 1, data = sleep)
     -- Failure (test_htest.R:168:3): wilcoxon signed rank exact tests works --------
     `tidy_model` not equal to `tidy_model_test`.
     Component "method": 1 string mismatch
     -- Failure (test_htest.R:212:3): wilcoxon rank sum tests works -----------------
     `tidy_model` not equal to `tidy_model_test`.
     Component "method": 1 string mismatch
    
     [ FAIL 3 | WARN 0 | SKIP 0 | PASS 68 ]
     Error: Test failures
     Execution halted
Flavor: r-oldrel-windows-ix86+x86_64