Last updated on 2021-03-04 00:48:12 CET.
Flavor | Version | Tinstall | Tcheck | Ttotal | Status | Flags |
---|---|---|---|---|---|---|
r-devel-linux-x86_64-debian-clang | 3.3 | 30.38 | 263.64 | 294.02 | OK | |
r-devel-linux-x86_64-debian-gcc | 3.3 | 26.46 | 194.60 | 221.06 | OK | |
r-devel-linux-x86_64-fedora-clang | 3.3 | 183.17 | OK | |||
r-devel-linux-x86_64-fedora-gcc | 3.3 | 315.01 | OK | |||
r-devel-windows-ix86+x86_64 | 3.3 | 59.00 | 263.00 | 322.00 | OK | |
r-patched-linux-x86_64 | 3.3 | 21.34 | 242.40 | 263.74 | OK | |
r-patched-solaris-x86 | 3.3 | 398.50 | NOTE | |||
r-release-linux-x86_64 | 3.3 | 22.37 | 241.98 | 264.35 | OK | |
r-release-macos-x86_64 | 3.3 | OK | ||||
r-release-windows-ix86+x86_64 | 3.3 | 40.00 | 228.00 | 268.00 | OK | |
r-oldrel-macos-x86_64 | 3.3 | OK | ||||
r-oldrel-windows-ix86+x86_64 | 3.3 | 50.00 | 301.00 | 351.00 | OK |
Version: 3.3
Check: package dependencies
Result: NOTE
Packages suggested but not available for checking: 'av', 'gifski'
Flavor: r-patched-solaris-x86