Last updated on 2021-03-04 00:48:12 CET.
Flavor | Version | Tinstall | Tcheck | Ttotal | Status | Flags |
---|---|---|---|---|---|---|
r-devel-linux-x86_64-debian-clang | 0.1.0 | 128.74 | 28.45 | 157.19 | OK | |
r-devel-linux-x86_64-debian-gcc | 0.1.0 | 89.77 | 22.79 | 112.56 | OK | |
r-devel-linux-x86_64-fedora-clang | 0.1.0 | 235.45 | NOTE | |||
r-devel-linux-x86_64-fedora-gcc | 0.1.0 | 205.33 | OK | |||
r-devel-windows-ix86+x86_64 | 0.1.0 | 272.00 | 75.00 | 347.00 | OK | |
r-patched-linux-x86_64 | 0.1.0 | 102.81 | 27.85 | 130.66 | OK | |
r-patched-solaris-x86 | 0.1.0 | 170.60 | OK | |||
r-release-linux-x86_64 | 0.1.0 | 105.19 | 27.67 | 132.86 | OK | |
r-release-macos-x86_64 | 0.1.0 | NOTE | ||||
r-release-windows-ix86+x86_64 | 0.1.0 | 261.00 | 71.00 | 332.00 | OK | |
r-oldrel-macos-x86_64 | 0.1.0 | NOTE | ||||
r-oldrel-windows-ix86+x86_64 | 0.1.0 | 214.00 | 73.00 | 287.00 | OK |
Version: 0.1.0
Check: installed package size
Result: NOTE
installed size is 6.5Mb
sub-directories of 1Mb or more:
libs 5.5Mb
Flavors: r-devel-linux-x86_64-fedora-clang, r-release-macos-x86_64, r-oldrel-macos-x86_64