Last updated on 2021-03-04 00:48:12 CET.
Flavor | Version | Tinstall | Tcheck | Ttotal | Status | Flags |
---|---|---|---|---|---|---|
r-devel-linux-x86_64-debian-clang | 0.0.1 | 2.95 | 29.16 | 32.11 | OK | |
r-devel-linux-x86_64-debian-gcc | 0.0.1 | 2.72 | 23.15 | 25.87 | OK | |
r-devel-linux-x86_64-fedora-clang | 0.0.1 | 50.11 | NOTE | |||
r-devel-linux-x86_64-fedora-gcc | 0.0.1 | 38.48 | NOTE | |||
r-devel-windows-ix86+x86_64 | 0.0.1 | 12.00 | 38.00 | 50.00 | OK | |
r-patched-linux-x86_64 | 0.0.1 | 3.02 | 27.84 | 30.86 | OK | |
r-patched-solaris-x86 | 0.0.1 | 60.20 | NOTE | |||
r-release-linux-x86_64 | 0.0.1 | 2.93 | 28.01 | 30.94 | OK | |
r-release-macos-x86_64 | 0.0.1 | NOTE | ||||
r-release-windows-ix86+x86_64 | 0.0.1 | 7.00 | 38.00 | 45.00 | OK | |
r-oldrel-macos-x86_64 | 0.0.1 | NOTE | ||||
r-oldrel-windows-ix86+x86_64 | 0.0.1 | 7.00 | 43.00 | 50.00 | OK |
Version: 0.0.1
Check: dependencies in R code
Result: NOTE
Namespaces in Imports field not imported from:
‘fs’ ‘stringr’ ‘torch’ ‘torchvision’ ‘zip’
All declared Imports should be used.
Flavors: r-devel-linux-x86_64-fedora-clang, r-devel-linux-x86_64-fedora-gcc, r-patched-solaris-x86, r-release-macos-x86_64, r-oldrel-macos-x86_64