Last updated on 2021-03-04 00:48:12 CET.
Flavor | Version | Tinstall | Tcheck | Ttotal | Status | Flags |
---|---|---|---|---|---|---|
r-devel-linux-x86_64-debian-clang | 0.6.5 | 14.54 | 63.66 | 78.20 | OK | |
r-devel-linux-x86_64-debian-gcc | 0.6.5 | 15.29 | 49.73 | 65.02 | OK | |
r-devel-linux-x86_64-fedora-clang | 0.6.5 | 108.64 | NOTE | |||
r-devel-linux-x86_64-fedora-gcc | 0.6.5 | 96.16 | NOTE | |||
r-devel-windows-ix86+x86_64 | 0.6.5 | 27.00 | 68.00 | 95.00 | OK | |
r-patched-linux-x86_64 | 0.6.5 | 15.12 | 59.46 | 74.58 | OK | |
r-patched-solaris-x86 | 0.6.5 | 142.90 | NOTE | |||
r-release-linux-x86_64 | 0.6.5 | 17.58 | 59.41 | 76.99 | OK | |
r-release-macos-x86_64 | 0.6.5 | NOTE | ||||
r-release-windows-ix86+x86_64 | 0.6.5 | 18.00 | 59.00 | 77.00 | OK | |
r-oldrel-macos-x86_64 | 0.6.5 | NOTE | ||||
r-oldrel-windows-ix86+x86_64 | 0.6.5 | 25.00 | 77.00 | 102.00 | OK |
Version: 0.6.5
Check: data for non-ASCII characters
Result: NOTE
Note: found 100 marked Latin-1 strings
Note: found 548 marked UTF-8 strings
Flavors: r-devel-linux-x86_64-fedora-clang, r-devel-linux-x86_64-fedora-gcc, r-patched-solaris-x86, r-release-macos-x86_64, r-oldrel-macos-x86_64
Version: 0.6.5
Check: installed package size
Result: NOTE
installed size is 5.1Mb
sub-directories of 1Mb or more:
data 4.5Mb
Flavor: r-patched-solaris-x86