CRAN Package Check Results for Package trackeR

Last updated on 2021-03-04 00:48:12 CET.

Flavor Version Tinstall Tcheck Ttotal Status Flags
r-devel-linux-x86_64-debian-clang 1.5.2 14.19 284.45 298.64 OK
r-devel-linux-x86_64-debian-gcc 1.5.2 11.12 213.69 224.81 OK
r-devel-linux-x86_64-fedora-clang 1.5.2 354.93 NOTE
r-devel-linux-x86_64-fedora-gcc 1.5.2 346.05 OK
r-devel-windows-ix86+x86_64 1.5.2 27.00 301.00 328.00 NOTE
r-patched-linux-x86_64 1.5.2 9.14 264.21 273.35 OK
r-patched-solaris-x86 1.5.2 407.70 WARN
r-release-linux-x86_64 1.5.2 9.85 272.17 282.02 OK
r-release-macos-x86_64 1.5.2 NOTE
r-release-windows-ix86+x86_64 1.5.2 19.00 261.00 280.00 NOTE
r-oldrel-macos-x86_64 1.5.2 NOTE
r-oldrel-windows-ix86+x86_64 1.5.2 22.00 347.00 369.00 NOTE

Check Details

Version: 1.5.2
Check: installed package size
Result: NOTE
     installed size is 6.1Mb
     sub-directories of 1Mb or more:
     data 2.4Mb
     doc 2.7Mb
Flavors: r-devel-linux-x86_64-fedora-clang, r-devel-windows-ix86+x86_64, r-patched-solaris-x86, r-release-macos-x86_64, r-release-windows-ix86+x86_64, r-oldrel-macos-x86_64, r-oldrel-windows-ix86+x86_64

Version: 1.5.2
Check: re-building of vignette outputs
Result: WARN
    Error(s) in re-building vignettes:
     ...
    --- re-building ‘TourDetrackeR.Rmd’ using rmarkdown
    Warning in engine$weave(file, quiet = quiet, encoding = enc) :
     Pandoc (>= 1.12.3) and/or pandoc-citeproc not available. Falling back to R Markdown v1.
    Loading required package: zoo
    
    Attaching package: 'zoo'
    
    The following objects are masked from 'package:base':
    
     as.Date, as.Date.numeric
    
    
    Attaching package: 'trackeR'
    
    The following object is masked from 'package:base':
    
     append
    
    Source : http://tile.stamen.com/toner/13/4056/2748.png
    Source : http://tile.stamen.com/toner/13/4057/2748.png
    Source : http://tile.stamen.com/toner/13/4056/2749.png
    Source : http://tile.stamen.com/toner/13/4057/2749.png
    Quitting from lines 106-108 (TourDetrackeR.Rmd)
    Error: processing vignette 'TourDetrackeR.Rmd' failed with diagnostics:
    there is no package called 'webshot'
    --- failed re-building ‘TourDetrackeR.Rmd’
    
    --- re-building ‘trackeR.Rnw’ using Sweave
    Loading required package: zoo
    
    Attaching package: 'zoo'
    
    The following objects are masked from 'package:base':
    
     as.Date, as.Date.numeric
    
    
    Attaching package: 'trackeR'
    
    The following object is masked from 'package:base':
    
     append
    
    Warning in sanity_checks(dat = dat, silent = silent) :
     Observations with duplicated time stamps have been removed.
    Warning in sanity_checks(dat = dat, silent = silent) :
     Observations with duplicated time stamps have been removed.
    Loading required package: splines
    Loading required package: Matrix
    Loading required package: fds
    Loading required package: rainbow
    Loading required package: MASS
    Loading required package: pcaPP
    Loading required package: RCurl
    
    Attaching package: 'fda'
    
    The following object is masked from 'package:graphics':
    
     matplot
    
    --- finished re-building 'trackeR.Rnw'
    
    SUMMARY: processing the following file failed:
     ‘TourDetrackeR.Rmd’
    
    Error: Vignette re-building failed.
    Execution halted
Flavor: r-patched-solaris-x86

Version: 1.5.2
Check: re-building of vignette outputs
Result: NOTE
    Error(s) in re-building vignettes:
    --- re-building ‘TourDetrackeR.Rmd’ using rmarkdown
    Warning in engine$weave(file, quiet = quiet, encoding = enc) :
     Pandoc (>= 1.12.3) and/or pandoc-citeproc not available. Falling back to R Markdown v1.
    Loading required package: zoo
    
    Attaching package: 'zoo'
    
    The following objects are masked from 'package:base':
    
     as.Date, as.Date.numeric
    
    
    Attaching package: 'trackeR'
    
    The following object is masked from 'package:base':
    
     append
    
    Source : http://tile.stamen.com/toner/13/4056/2748.png
    Source : http://tile.stamen.com/toner/13/4057/2748.png
    Source : http://tile.stamen.com/toner/13/4056/2749.png
    Source : http://tile.stamen.com/toner/13/4057/2749.png
    Quitting from lines 106-108 (TourDetrackeR.Rmd)
    Error: processing vignette 'TourDetrackeR.Rmd' failed with diagnostics:
    cannot open the connection
    --- failed re-building ‘TourDetrackeR.Rmd’
    
    --- re-building ‘trackeR.Rnw’ using Sweave
    Loading required package: zoo
    
    Attaching package: 'zoo'
    
    The following objects are masked from 'package:base':
    
     as.Date, as.Date.numeric
    
    
    Attaching package: 'trackeR'
    
    The following object is masked from 'package:base':
    
     append
    
    Warning in sanity_checks(dat = dat, silent = silent) :
     Observations with duplicated time stamps have been removed.
    Warning in sanity_checks(dat = dat, silent = silent) :
     Observations with duplicated time stamps have been removed.
    Loading required package: Matrix
    
    Attaching package: 'fda'
    
    The following object is masked from 'package:graphics':
    
     matplot
    
    --- finished re-building 'trackeR.Rnw'
    
    SUMMARY: processing the following file failed:
     ‘TourDetrackeR.Rmd’
    
    Error: Vignette re-building failed.
    Execution halted
Flavor: r-release-macos-x86_64

Version: 1.5.2
Check: re-building of vignette outputs
Result: NOTE
    Error(s) in re-building vignettes:
    --- re-building ‘TourDetrackeR.Rmd’ using rmarkdown
    Warning in engine$weave(file, quiet = quiet, encoding = enc) :
     Pandoc (>= 1.12.3) and/or pandoc-citeproc not available. Falling back to R Markdown v1.
    Loading required package: zoo
    
    Attaching package: 'zoo'
    
    The following objects are masked from 'package:base':
    
     as.Date, as.Date.numeric
    
    
    Attaching package: 'trackeR'
    
    The following object is masked from 'package:base':
    
     append
    
    Source : http://tile.stamen.com/toner/13/4056/2748.png
    Source : http://tile.stamen.com/toner/13/4057/2748.png
    Source : http://tile.stamen.com/toner/13/4056/2749.png
    Source : http://tile.stamen.com/toner/13/4057/2749.png
    Quitting from lines 106-108 (TourDetrackeR.Rmd)
    Error: processing vignette 'TourDetrackeR.Rmd' failed with diagnostics:
    cannot open the connection
    --- failed re-building ‘TourDetrackeR.Rmd’
    
    --- re-building ‘trackeR.Rnw’ using Sweave
    Loading required package: zoo
    
    Attaching package: 'zoo'
    
    The following objects are masked from 'package:base':
    
     as.Date, as.Date.numeric
    
    
    Attaching package: 'trackeR'
    
    The following object is masked from 'package:base':
    
     append
    
    Warning in sanity_checks(dat = dat, silent = silent) :
     Observations with duplicated time stamps have been removed.
    Warning in sanity_checks(dat = dat, silent = silent) :
     Observations with duplicated time stamps have been removed.
    Loading required package: splines
    Loading required package: Matrix
    
    Attaching package: 'fda'
    
    The following object is masked from 'package:graphics':
    
     matplot
    
    --- finished re-building 'trackeR.Rnw'
    
    SUMMARY: processing the following file failed:
     ‘TourDetrackeR.Rmd’
    
    Error: Vignette re-building failed.
    Execution halted
Flavor: r-oldrel-macos-x86_64