CRAN Package Check Results for Package trajectories

Last updated on 2021-03-04 00:48:12 CET.

Flavor Version Tinstall Tcheck Ttotal Status Flags
r-devel-linux-x86_64-debian-clang 0.2-2 11.67 195.85 207.52 NOTE
r-devel-linux-x86_64-debian-gcc 0.2-2 9.97 151.70 161.67 NOTE
r-devel-linux-x86_64-fedora-clang 0.2-2 238.60 NOTE
r-devel-linux-x86_64-fedora-gcc 0.2-2 230.13 NOTE
r-devel-windows-ix86+x86_64 0.2-2 24.00 218.00 242.00 NOTE
r-patched-linux-x86_64 0.2-2 11.62 189.84 201.46 NOTE
r-patched-solaris-x86 0.2-2 315.40 NOTE
r-release-linux-x86_64 0.2-2 13.07 194.20 207.27 NOTE
r-release-macos-x86_64 0.2-2 NOTE
r-release-windows-ix86+x86_64 0.2-2 16.00 212.00 228.00 NOTE
r-oldrel-macos-x86_64 0.2-2 NOTE
r-oldrel-windows-ix86+x86_64 0.2-2 20.00 231.00 251.00 NOTE

Check Details

Version: 0.2-2
Check: package dependencies
Result: NOTE
    Package suggested but not available for checking: 'taxidata'
Flavors: r-devel-linux-x86_64-debian-clang, r-devel-linux-x86_64-debian-gcc, r-devel-linux-x86_64-fedora-clang, r-devel-linux-x86_64-fedora-gcc, r-devel-windows-ix86+x86_64, r-patched-linux-x86_64, r-patched-solaris-x86, r-release-linux-x86_64, r-release-macos-x86_64, r-release-windows-ix86+x86_64, r-oldrel-macos-x86_64, r-oldrel-windows-ix86+x86_64