CRAN Package Check Results for Package truncSP

Last updated on 2021-03-04 00:48:12 CET.

Flavor Version Tinstall Tcheck Ttotal Status Flags
r-devel-linux-x86_64-debian-clang 1.2.2 4.98 44.49 49.47 NOTE
r-devel-linux-x86_64-debian-gcc 1.2.2 3.79 34.59 38.38 NOTE
r-devel-linux-x86_64-fedora-clang 1.2.2 68.09 NOTE
r-devel-linux-x86_64-fedora-gcc 1.2.2 58.00 NOTE
r-devel-windows-ix86+x86_64 1.2.2 9.00 58.00 67.00 NOTE
r-patched-linux-x86_64 1.2.2 3.67 43.00 46.67 NOTE
r-patched-solaris-x86 1.2.2 94.70 NOTE
r-release-linux-x86_64 1.2.2 4.70 42.72 47.42 NOTE
r-release-macos-x86_64 1.2.2 NOTE
r-release-windows-ix86+x86_64 1.2.2 6.00 64.00 70.00 NOTE
r-oldrel-macos-x86_64 1.2.2 NOTE
r-oldrel-windows-ix86+x86_64 1.2.2 8.00 69.00 77.00 NOTE

Check Details

Version: 1.2.2
Check: DESCRIPTION meta-information
Result: NOTE
    Malformed Description field: should contain one or more complete sentences.
Flavors: r-devel-linux-x86_64-debian-clang, r-devel-linux-x86_64-debian-gcc, r-devel-linux-x86_64-fedora-clang, r-devel-linux-x86_64-fedora-gcc, r-devel-windows-ix86+x86_64, r-patched-linux-x86_64, r-patched-solaris-x86, r-release-linux-x86_64, r-release-macos-x86_64, r-release-windows-ix86+x86_64, r-oldrel-macos-x86_64, r-oldrel-windows-ix86+x86_64