Last updated on 2021-03-04 00:48:13 CET.
Flavor | Version | Tinstall | Tcheck | Ttotal | Status | Flags |
---|---|---|---|---|---|---|
r-devel-linux-x86_64-debian-clang | 1.1.1 | 6.96 | 91.00 | 97.96 | OK | |
r-devel-linux-x86_64-debian-gcc | 1.1.1 | 5.41 | 67.56 | 72.97 | OK | |
r-devel-linux-x86_64-fedora-clang | 1.1.1 | 125.13 | OK | |||
r-devel-linux-x86_64-fedora-gcc | 1.1.1 | 111.17 | OK | |||
r-devel-windows-ix86+x86_64 | 1.1.1 | 16.00 | 118.00 | 134.00 | OK | |
r-patched-linux-x86_64 | 1.1.1 | 6.31 | 84.15 | 90.46 | OK | |
r-patched-solaris-x86 | 1.1.1 | 152.80 | NOTE | |||
r-release-linux-x86_64 | 1.1.1 | 7.19 | 84.17 | 91.36 | OK | |
r-release-macos-x86_64 | 1.1.1 | OK | ||||
r-release-windows-ix86+x86_64 | 1.1.1 | 12.00 | 90.00 | 102.00 | OK | |
r-oldrel-macos-x86_64 | 1.1.1 | OK | ||||
r-oldrel-windows-ix86+x86_64 | 1.1.1 | 14.00 | 123.00 | 137.00 | OK |
Version: 1.1.1
Check: installed package size
Result: NOTE
installed size is 5.3Mb
sub-directories of 1Mb or more:
doc 1.5Mb
fonts 2.9Mb
Flavor: r-patched-solaris-x86