Last updated on 2021-03-04 00:48:13 CET.
Flavor | Version | Tinstall | Tcheck | Ttotal | Status | Flags |
---|---|---|---|---|---|---|
r-devel-linux-x86_64-debian-clang | 0.1.2 | 159.06 | 122.37 | 281.43 | OK | |
r-devel-linux-x86_64-debian-gcc | 0.1.2 | 103.53 | 112.10 | 215.63 | OK | |
r-devel-linux-x86_64-fedora-clang | 0.1.2 | 417.56 | NOTE | |||
r-devel-linux-x86_64-fedora-gcc | 0.1.2 | 369.86 | OK | |||
r-devel-windows-ix86+x86_64 | 0.1.2 | 395.00 | 541.00 | 936.00 | NOTE | |
r-patched-linux-x86_64 | 0.1.2 | 130.59 | 118.27 | 248.86 | OK | |
r-patched-solaris-x86 | 0.1.2 | 408.30 | NOTE | |||
r-release-linux-x86_64 | 0.1.2 | 120.45 | 118.88 | 239.33 | OK | |
r-release-macos-x86_64 | 0.1.2 | NOTE | ||||
r-release-windows-ix86+x86_64 | 0.1.2 | 307.00 | 500.00 | 807.00 | NOTE | |
r-oldrel-macos-x86_64 | 0.1.2 | NOTE | ||||
r-oldrel-windows-ix86+x86_64 | 0.1.2 | 357.00 | 612.00 | 969.00 | NOTE |
Version: 0.1.2
Check: installed package size
Result: NOTE
installed size is 7.9Mb
sub-directories of 1Mb or more:
data 2.0Mb
extdata 2.3Mb
libs 3.2Mb
Flavors: r-devel-linux-x86_64-fedora-clang, r-devel-windows-ix86+x86_64, r-patched-solaris-x86, r-release-macos-x86_64, r-release-windows-ix86+x86_64, r-oldrel-macos-x86_64, r-oldrel-windows-ix86+x86_64