CRAN Package Check Results for Package univariateML

Last updated on 2021-03-04 00:48:13 CET.

Flavor Version Tinstall Tcheck Ttotal Status Flags
r-devel-linux-x86_64-debian-clang 1.1.0 4.77 111.56 116.33 OK
r-devel-linux-x86_64-debian-gcc 1.1.0 3.99 75.29 79.28 OK
r-devel-linux-x86_64-fedora-clang 1.1.0 146.14 NOTE
r-devel-linux-x86_64-fedora-gcc 1.1.0 135.57 NOTE
r-devel-windows-ix86+x86_64 1.1.0 10.00 144.00 154.00 OK
r-patched-linux-x86_64 1.1.0 4.22 108.83 113.05 OK
r-patched-solaris-x86 1.1.0 199.40 NOTE
r-release-linux-x86_64 1.1.0 4.86 107.32 112.18 OK
r-release-macos-x86_64 1.1.0 NOTE
r-release-windows-ix86+x86_64 1.1.0 7.00 113.00 120.00 OK
r-oldrel-macos-x86_64 1.1.0 NOTE
r-oldrel-windows-ix86+x86_64 1.1.0 8.00 148.00 156.00 OK

Check Details

Version: 1.1.0
Check: dependencies in R code
Result: NOTE
    Namespaces in Imports field not imported from:
     ‘extraDistr’ ‘logitnorm’ ‘nakagami’ ‘tibble’
     All declared Imports should be used.
Flavors: r-devel-linux-x86_64-fedora-clang, r-devel-linux-x86_64-fedora-gcc, r-patched-solaris-x86, r-release-macos-x86_64, r-oldrel-macos-x86_64