CRAN Package Check Results for Package urca

Last updated on 2021-03-04 00:48:13 CET.

Flavor Version Tinstall Tcheck Ttotal Status Flags
r-devel-linux-x86_64-debian-clang 1.3-0 11.74 62.42 74.16 OK
r-devel-linux-x86_64-debian-gcc 1.3-0 7.72 48.59 56.31 OK
r-devel-linux-x86_64-fedora-clang 1.3-0 96.05 NOTE
r-devel-linux-x86_64-fedora-gcc 1.3-0 81.83 NOTE
r-devel-windows-ix86+x86_64 1.3-0 22.00 97.00 119.00 OK
r-patched-linux-x86_64 1.3-0 9.38 59.17 68.55 OK
r-patched-solaris-x86 1.3-0 112.10 OK
r-release-linux-x86_64 1.3-0 10.40 59.42 69.82 OK
r-release-macos-x86_64 1.3-0 OK
r-release-windows-ix86+x86_64 1.3-0 22.00 92.00 114.00 OK
r-oldrel-macos-x86_64 1.3-0 OK
r-oldrel-windows-ix86+x86_64 1.3-0 35.00 101.00 136.00 OK

Check Details

Version: 1.3-0
Check: compiled code
Result: NOTE
    File ‘urca/libs/urca.so’:
     Found no calls to: ‘R_registerRoutines’, ‘R_useDynamicSymbols’
    
    It is good practice to register native routines and to disable symbol
    search.
    
    See ‘Writing portable packages’ in the ‘Writing R Extensions’ manual.
Flavors: r-devel-linux-x86_64-fedora-clang, r-devel-linux-x86_64-fedora-gcc