Last updated on 2021-03-04 00:48:13 CET.
Flavor | Version | Tinstall | Tcheck | Ttotal | Status | Flags |
---|---|---|---|---|---|---|
r-devel-linux-x86_64-debian-clang | 0.3.0 | 11.12 | 102.02 | 113.14 | OK | |
r-devel-linux-x86_64-debian-gcc | 0.3.0 | 8.54 | 76.07 | 84.61 | OK | |
r-devel-linux-x86_64-fedora-clang | 0.3.0 | 148.61 | NOTE | |||
r-devel-linux-x86_64-fedora-gcc | 0.3.0 | 100.75 | NOTE | |||
r-devel-windows-ix86+x86_64 | 0.3.0 | 26.00 | 124.00 | 150.00 | OK | |
r-patched-linux-x86_64 | 0.3.0 | 11.14 | 93.19 | 104.33 | OK | |
r-patched-solaris-x86 | 0.3.0 | 193.70 | NOTE | |||
r-release-linux-x86_64 | 0.3.0 | 10.64 | 93.75 | 104.39 | OK | |
r-release-macos-x86_64 | 0.3.0 | NOTE | ||||
r-release-windows-ix86+x86_64 | 0.3.0 | 17.00 | 106.00 | 123.00 | OK | |
r-oldrel-macos-x86_64 | 0.3.0 | NOTE | ||||
r-oldrel-windows-ix86+x86_64 | 0.3.0 | 23.00 | 116.00 | 139.00 | OK |
Version: 0.3.0
Check: dependencies in R code
Result: NOTE
Namespace in Imports field not imported from: ‘rio’
All declared Imports should be used.
Flavors: r-devel-linux-x86_64-fedora-clang, r-devel-linux-x86_64-fedora-gcc, r-patched-solaris-x86, r-release-macos-x86_64, r-oldrel-macos-x86_64