Last updated on 2021-03-04 00:48:13 CET.
Flavor | Version | Tinstall | Tcheck | Ttotal | Status | Flags |
---|---|---|---|---|---|---|
r-devel-linux-x86_64-debian-clang | 0.1.10 | 67.43 | 149.61 | 217.04 | OK | |
r-devel-linux-x86_64-debian-gcc | 0.1.10 | 44.38 | 125.60 | 169.98 | OK | |
r-devel-linux-x86_64-fedora-clang | 0.1.10 | 279.82 | NOTE | |||
r-devel-linux-x86_64-fedora-gcc | 0.1.10 | 261.79 | OK | |||
r-devel-windows-ix86+x86_64 | 0.1.10 | 140.00 | 299.00 | 439.00 | OK | |
r-patched-linux-x86_64 | 0.1.10 | 52.00 | 143.70 | 195.70 | OK | |
r-patched-solaris-x86 | 0.1.10 | 348.20 | OK | |||
r-release-linux-x86_64 | 0.1.10 | 54.56 | 143.23 | 197.79 | OK | |
r-release-macos-x86_64 | 0.1.10 | NOTE | ||||
r-release-windows-ix86+x86_64 | 0.1.10 | 102.00 | 260.00 | 362.00 | OK | |
r-oldrel-macos-x86_64 | 0.1.10 | NOTE | ||||
r-oldrel-windows-ix86+x86_64 | 0.1.10 | 141.00 | 274.00 | 415.00 | OK |
Version: 0.1.10
Check: installed package size
Result: NOTE
installed size is 5.9Mb
sub-directories of 1Mb or more:
libs 5.5Mb
Flavors: r-devel-linux-x86_64-fedora-clang, r-release-macos-x86_64, r-oldrel-macos-x86_64