CRAN Package Check Results for Package vars

Last updated on 2021-03-04 00:48:13 CET.

Flavor Version Tinstall Tcheck Ttotal Status Flags
r-devel-linux-x86_64-debian-clang 1.5-3 11.12 92.49 103.61 OK
r-devel-linux-x86_64-debian-gcc 1.5-3 7.57 52.15 59.72 WARN
r-devel-linux-x86_64-fedora-clang 1.5-3 134.35 OK
r-devel-linux-x86_64-fedora-gcc 1.5-3 122.30 OK
r-devel-windows-ix86+x86_64 1.5-3 16.00 122.00 138.00 OK
r-patched-linux-x86_64 1.5-3 8.28 88.84 97.12 OK
r-patched-solaris-x86 1.5-3 160.50 OK
r-release-linux-x86_64 1.5-3 7.44 88.72 96.16 OK
r-release-macos-x86_64 1.5-3 OK
r-release-windows-ix86+x86_64 1.5-3 12.00 105.00 117.00 OK
r-oldrel-macos-x86_64 1.5-3 OK
r-oldrel-windows-ix86+x86_64 1.5-3 15.00 113.00 128.00 OK

Check Details

Version: 1.5-3
Check: re-building of vignette outputs
Result: WARN
    Error(s) in re-building vignettes:
     ...
    --- re-building ‘vars.Rnw’ using Sweave
    Loading required package: MASS
    Loading required package: strucchange
    Loading required package: zoo
    
    Attaching package: ‘zoo’
    
    The following objects are masked from ‘package:base’:
    
     as.Date, as.Date.numeric
    
    Loading required package: sandwich
    Loading required package: urca
    Loading required package: lmtest
    
    Error: processing vignette 'vars.Rnw' failed with diagnostics:
     chunk 1 (label = source)
    Error in solve.default(infgamma) :
     system is computationally singular: reciprocal condition number = 1.72486e-16
    
    --- failed re-building ‘vars.Rnw’
    
    SUMMARY: processing the following file failed:
     ‘vars.Rnw’
    
    Error: Vignette re-building failed.
    Execution halted
Flavor: r-devel-linux-x86_64-debian-gcc