Last updated on 2021-03-04 00:48:13 CET.
Flavor | Version | Tinstall | Tcheck | Ttotal | Status | Flags |
---|---|---|---|---|---|---|
r-devel-linux-x86_64-debian-clang | 1.12.0 | 153.99 | 220.10 | 374.09 | OK | |
r-devel-linux-x86_64-debian-gcc | 1.12.0 | 104.89 | 177.22 | 282.11 | OK | |
r-devel-linux-x86_64-fedora-clang | 1.12.0 | 510.27 | NOTE | |||
r-devel-linux-x86_64-fedora-gcc | 1.12.0 | 471.65 | OK | |||
r-devel-windows-ix86+x86_64 | 1.12.0 | 350.00 | 433.00 | 783.00 | OK | |
r-patched-linux-x86_64 | 1.12.0 | 122.58 | 215.94 | 338.52 | OK | |
r-patched-solaris-x86 | 1.12.0 | 564.80 | OK | |||
r-release-linux-x86_64 | 1.12.0 | 117.84 | 218.28 | 336.12 | OK | |
r-release-macos-x86_64 | 1.12.0 | NOTE | ||||
r-release-windows-ix86+x86_64 | 1.12.0 | 264.00 | 336.00 | 600.00 | OK | |
r-oldrel-macos-x86_64 | 1.12.0 | NOTE | ||||
r-oldrel-windows-ix86+x86_64 | 1.12.0 | 323.00 | 409.00 | 732.00 | OK |
Version: 1.12.0
Check: installed package size
Result: NOTE
installed size is 8.9Mb
sub-directories of 1Mb or more:
libs 7.0Mb
Flavors: r-devel-linux-x86_64-fedora-clang, r-release-macos-x86_64, r-oldrel-macos-x86_64