Last updated on 2021-03-04 00:48:13 CET.
Flavor | Version | Tinstall | Tcheck | Ttotal | Status | Flags |
---|---|---|---|---|---|---|
r-devel-linux-x86_64-debian-clang | 0.1.4 | 2.41 | 32.09 | 34.50 | OK | |
r-devel-linux-x86_64-debian-gcc | 0.1.4 | 2.01 | 25.37 | 27.38 | OK | |
r-devel-linux-x86_64-fedora-clang | 0.1.4 | 51.68 | NOTE | |||
r-devel-linux-x86_64-fedora-gcc | 0.1.4 | 41.80 | NOTE | |||
r-devel-windows-ix86+x86_64 | 0.1.4 | 6.00 | 52.00 | 58.00 | OK | |
r-patched-linux-x86_64 | 0.1.4 | 2.63 | 31.22 | 33.85 | OK | |
r-patched-solaris-x86 | 0.1.4 | 63.80 | NOTE | |||
r-release-linux-x86_64 | 0.1.4 | 2.81 | 31.17 | 33.98 | OK | |
r-release-macos-x86_64 | 0.1.4 | NOTE | ||||
r-release-windows-ix86+x86_64 | 0.1.4 | 5.00 | 37.00 | 42.00 | OK | |
r-oldrel-macos-x86_64 | 0.1.4 | NOTE | ||||
r-oldrel-windows-ix86+x86_64 | 0.1.4 | 4.00 | 46.00 | 50.00 | OK |
Version: 0.1.4
Check: dependencies in R code
Result: NOTE
Namespace in Imports field not imported from: ‘rlang’
All declared Imports should be used.
Flavors: r-devel-linux-x86_64-fedora-clang, r-devel-linux-x86_64-fedora-gcc, r-patched-solaris-x86, r-release-macos-x86_64, r-oldrel-macos-x86_64