CRAN Package Check Results for Package vip

Last updated on 2021-03-04 00:48:13 CET.

Flavor Version Tinstall Tcheck Ttotal Status Flags
r-devel-linux-x86_64-debian-clang 0.3.2 4.35 176.95 181.30 OK
r-devel-linux-x86_64-debian-gcc 0.3.2 2.71 120.21 122.92 OK
r-devel-linux-x86_64-fedora-clang 0.3.2 169.68 NOTE
r-devel-linux-x86_64-fedora-gcc 0.3.2 154.90 OK
r-devel-windows-ix86+x86_64 0.3.2 9.00 192.00 201.00 OK
r-patched-linux-x86_64 0.3.2 3.84 155.38 159.22 OK
r-patched-solaris-x86 0.3.2 309.40 OK
r-release-linux-x86_64 0.3.2 4.21 156.84 161.05 OK
r-release-macos-x86_64 0.3.2 OK
r-release-windows-ix86+x86_64 0.3.2 6.00 130.00 136.00 OK
r-oldrel-macos-x86_64 0.3.2 OK
r-oldrel-windows-ix86+x86_64 0.3.2 7.00 203.00 210.00 OK

Check Details

Version: 0.3.2
Check: Rd cross-references
Result: NOTE
    Undeclared package ‘foreach’ in Rd xrefs
Flavor: r-devel-linux-x86_64-fedora-clang