Last updated on 2021-03-04 00:48:13 CET.
Flavor | Version | Tinstall | Tcheck | Ttotal | Status | Flags |
---|---|---|---|---|---|---|
r-devel-linux-x86_64-debian-clang | 2.1 | 122.03 | 110.33 | 232.36 | NOTE | |
r-devel-linux-x86_64-debian-gcc | 2.1 | 100.48 | 85.97 | 186.45 | NOTE | |
r-devel-linux-x86_64-fedora-clang | 2.1 | 308.58 | NOTE | |||
r-devel-linux-x86_64-fedora-gcc | 2.1 | 312.69 | NOTE | |||
r-devel-windows-ix86+x86_64 | 2.1 | 267.00 | 224.00 | 491.00 | NOTE | |
r-patched-linux-x86_64 | 2.1 | 112.18 | 106.64 | 218.82 | NOTE | |
r-patched-solaris-x86 | 2.1 | 324.00 | NOTE | |||
r-release-linux-x86_64 | 2.1 | 87.77 | 106.87 | 194.64 | NOTE | |
r-release-macos-x86_64 | 2.1 | NOTE | ||||
r-release-windows-ix86+x86_64 | 2.1 | 199.00 | 168.00 | 367.00 | NOTE | |
r-oldrel-macos-x86_64 | 2.1 | NOTE | ||||
r-oldrel-windows-ix86+x86_64 | 2.1 | 261.00 | 206.00 | 467.00 | NOTE |
Version: 2.1
Check: for GNU extensions in Makefiles
Result: NOTE
GNU make is a SystemRequirements.
Flavors: r-devel-linux-x86_64-debian-clang, r-devel-linux-x86_64-debian-gcc, r-devel-linux-x86_64-fedora-clang, r-devel-linux-x86_64-fedora-gcc, r-devel-windows-ix86+x86_64, r-patched-linux-x86_64, r-patched-solaris-x86, r-release-linux-x86_64, r-release-macos-x86_64, r-release-windows-ix86+x86_64, r-oldrel-macos-x86_64, r-oldrel-windows-ix86+x86_64
Version: 2.1
Check: installed package size
Result: NOTE
installed size is 32.1Mb
sub-directories of 1Mb or more:
libs 31.3Mb
Flavors: r-devel-linux-x86_64-fedora-clang, r-release-macos-x86_64, r-oldrel-macos-x86_64
Version: 2.1
Check: dependencies in R code
Result: NOTE
Namespace in Imports field not imported from: ‘sqldf’
All declared Imports should be used.
Flavors: r-devel-linux-x86_64-fedora-clang, r-devel-linux-x86_64-fedora-gcc, r-patched-solaris-x86, r-release-macos-x86_64, r-oldrel-macos-x86_64