Last updated on 2021-03-04 00:48:14 CET.
Flavor | Version | Tinstall | Tcheck | Ttotal | Status | Flags |
---|---|---|---|---|---|---|
r-devel-linux-x86_64-debian-clang | 0.4.12 | 15.44 | 264.83 | 280.27 | OK | |
r-devel-linux-x86_64-debian-gcc | 0.4.12 | 8.76 | 167.99 | 176.75 | OK | |
r-devel-linux-x86_64-fedora-clang | 0.4.12 | 321.25 | OK | |||
r-devel-linux-x86_64-fedora-gcc | 0.4.12 | 306.64 | OK | |||
r-devel-windows-ix86+x86_64 | 0.4.12 | 27.00 | 322.00 | 349.00 | OK | |
r-patched-linux-x86_64 | 0.4.12 | 13.54 | 223.21 | 236.75 | OK | |
r-patched-solaris-x86 | 0.4.12 | 390.80 | NOTE | |||
r-release-linux-x86_64 | 0.4.12 | 12.22 | 225.64 | 237.86 | OK | |
r-release-macos-x86_64 | 0.4.12 | OK | ||||
r-release-windows-ix86+x86_64 | 0.4.12 | 19.00 | 226.00 | 245.00 | OK | |
r-oldrel-macos-x86_64 | 0.4.12 | OK | ||||
r-oldrel-windows-ix86+x86_64 | 0.4.12 | 24.00 | 315.00 | 339.00 | OK |
Version: 0.4.12
Check: installed package size
Result: NOTE
installed size is 5.0Mb
sub-directories of 1Mb or more:
doc 2.9Mb
Flavor: r-patched-solaris-x86