Last updated on 2021-03-04 00:48:14 CET.
Flavor | Version | Tinstall | Tcheck | Ttotal | Status | Flags |
---|---|---|---|---|---|---|
r-devel-linux-x86_64-debian-clang | 0.1.3 | 4.50 | 52.95 | 57.45 | OK | |
r-devel-linux-x86_64-debian-gcc | 0.1.3 | 3.80 | 39.54 | 43.34 | OK | |
r-devel-linux-x86_64-fedora-clang | 0.1.3 | 76.90 | NOTE | |||
r-devel-linux-x86_64-fedora-gcc | 0.1.3 | 65.65 | NOTE | |||
r-devel-windows-ix86+x86_64 | 0.1.3 | 10.00 | 81.00 | 91.00 | OK | |
r-patched-linux-x86_64 | 0.1.3 | 4.60 | 49.99 | 54.59 | OK | |
r-patched-solaris-x86 | 0.1.3 | 79.50 | NOTE | |||
r-release-linux-x86_64 | 0.1.3 | 4.48 | 49.69 | 54.17 | OK | |
r-release-macos-x86_64 | 0.1.3 | NOTE | ||||
r-release-windows-ix86+x86_64 | 0.1.3 | 8.00 | 61.00 | 69.00 | OK | |
r-oldrel-macos-x86_64 | 0.1.3 | NOTE | ||||
r-oldrel-windows-ix86+x86_64 | 0.1.3 | 7.00 | 75.00 | 82.00 | OK |
Version: 0.1.3
Check: dependencies in R code
Result: NOTE
Namespaces in Imports field not imported from:
‘miniUI’ ‘shinyBS’
All declared Imports should be used.
Flavors: r-devel-linux-x86_64-fedora-clang, r-devel-linux-x86_64-fedora-gcc, r-patched-solaris-x86, r-release-macos-x86_64, r-oldrel-macos-x86_64