Last updated on 2021-03-04 00:48:14 CET.
Flavor | Version | Tinstall | Tcheck | Ttotal | Status | Flags |
---|---|---|---|---|---|---|
r-devel-linux-x86_64-debian-clang | 0.3.5 | 8.78 | 92.16 | 100.94 | OK | |
r-devel-linux-x86_64-debian-gcc | 0.3.5 | 7.57 | 68.02 | 75.59 | OK | |
r-devel-linux-x86_64-fedora-clang | 0.3.5 | 129.53 | NOTE | |||
r-devel-linux-x86_64-fedora-gcc | 0.3.5 | 113.23 | NOTE | |||
r-devel-windows-ix86+x86_64 | 0.3.5 | 23.00 | 115.00 | 138.00 | OK | |
r-patched-linux-x86_64 | 0.3.5 | 8.67 | 84.48 | 93.15 | OK | |
r-patched-solaris-x86 | 0.3.5 | 195.90 | NOTE | |||
r-release-linux-x86_64 | 0.3.5 | 8.14 | 83.36 | 91.50 | OK | |
r-release-macos-x86_64 | 0.3.5 | NOTE | ||||
r-release-windows-ix86+x86_64 | 0.3.5 | 19.00 | 83.00 | 102.00 | OK | |
r-oldrel-macos-x86_64 | 0.3.5 | ERROR | ||||
r-oldrel-windows-ix86+x86_64 | 0.3.2 | 36.00 | 102.00 | 138.00 | OK |
Version: 0.3.5
Check: dependencies in R code
Result: NOTE
Namespaces in Imports field not imported from:
‘Matrix’ ‘dbplyr’ ‘ggplot2’ ‘magrittr’ ‘tidyr’
All declared Imports should be used.
Flavors: r-devel-linux-x86_64-fedora-clang, r-devel-linux-x86_64-fedora-gcc, r-patched-solaris-x86, r-release-macos-x86_64
Version: 0.3.5
Check: whether package can be installed
Result: ERROR
Installation failed.
Flavor: r-oldrel-macos-x86_64