CRAN Package Check Results for Package ANN2

Last updated on 2021-07-01 01:49:05 CEST.

Flavor Version Tinstall Tcheck Ttotal Status Flags
r-devel-linux-x86_64-debian-clang 2.3.4 504.93 77.42 582.35 NOTE
r-devel-linux-x86_64-debian-gcc 2.3.4 334.27 56.68 390.95 NOTE
r-devel-linux-x86_64-fedora-clang 2.3.4 945.57 NOTE
r-devel-linux-x86_64-fedora-gcc 2.3.4 726.45 NOTE
r-devel-windows-x86_64 2.3.4 417.00 93.00 510.00 NOTE
r-devel-windows-x86_64-gcc10-UCRT 2.3.4 NOTE
r-patched-linux-x86_64 2.3.4 360.91 67.04 427.95 NOTE
r-patched-solaris-x86 2.3.4 535.80 NOTE
r-release-linux-x86_64 2.3.4 376.59 67.83 444.42 NOTE
r-release-macos-arm64 2.3.4 NOTE
r-release-macos-x86_64 2.3.4 NOTE
r-release-windows-ix86+x86_64 2.3.4 911.00 137.00 1048.00 NOTE
r-oldrel-macos-x86_64 2.3.4 NOTE
r-oldrel-windows-ix86+x86_64 2.3.4 919.00 133.00 1052.00 NOTE

Check Details

Version: 2.3.4
Check: LazyData
Result: NOTE
     'LazyData' is specified without a 'data' directory
Flavors: r-devel-linux-x86_64-debian-clang, r-devel-linux-x86_64-debian-gcc, r-devel-linux-x86_64-fedora-clang, r-devel-linux-x86_64-fedora-gcc, r-devel-windows-x86_64, r-devel-windows-x86_64-gcc10-UCRT, r-patched-linux-x86_64, r-patched-solaris-x86, r-release-linux-x86_64, r-release-macos-arm64, r-release-macos-x86_64, r-release-windows-ix86+x86_64

Version: 2.3.4
Check: installed package size
Result: NOTE
     installed size is 46.1Mb
     sub-directories of 1Mb or more:
     cereal 1.4Mb
     libs 44.5Mb
Flavors: r-devel-linux-x86_64-fedora-clang, r-release-macos-arm64, r-release-macos-x86_64, r-release-windows-ix86+x86_64, r-oldrel-macos-x86_64, r-oldrel-windows-ix86+x86_64