CRAN Package Check Results for Package AdhereR

Last updated on 2021-07-01 01:49:05 CEST.

Flavor Version Tinstall Tcheck Ttotal Status Flags
r-devel-linux-x86_64-debian-clang 0.6.1 17.87 103.77 121.64 OK
r-devel-linux-x86_64-debian-gcc 0.6.1 13.65 74.21 87.86 OK
r-devel-linux-x86_64-fedora-clang 0.6.1 148.79 OK
r-devel-linux-x86_64-fedora-gcc 0.6.1 138.59 OK
r-devel-windows-x86_64 0.6.1 24.00 115.00 139.00 OK
r-devel-windows-x86_64-gcc10-UCRT 0.6.1 OK
r-patched-linux-x86_64 0.6.1 20.41 95.95 116.36 OK
r-patched-solaris-x86 0.6.1 161.40 NOTE
r-release-linux-x86_64 0.6.1 17.16 95.73 112.89 OK
r-release-macos-arm64 0.6.1 OK
r-release-macos-x86_64 0.6.1 OK
r-release-windows-ix86+x86_64 0.6.1 18.00 108.00 126.00 OK
r-oldrel-macos-x86_64 0.6.1 OK
r-oldrel-windows-ix86+x86_64 0.6.1 28.00 92.00 120.00 OK

Check Details

Version: 0.6.1
Check: package dependencies
Result: NOTE
    Packages suggested but not available for checking: 'rsvg', 'AdhereRViz'
Flavor: r-patched-solaris-x86

Version: 0.6.1
Check: installed package size
Result: NOTE
     installed size is 5.5Mb
     sub-directories of 1Mb or more:
     doc 3.2Mb
Flavor: r-patched-solaris-x86