Last updated on 2021-07-01 01:49:05 CEST.
Flavor | Version | Tinstall | Tcheck | Ttotal | Status | Flags |
---|---|---|---|---|---|---|
r-devel-linux-x86_64-debian-clang | 1.2.1 | 45.58 | 300.35 | 345.93 | OK | |
r-devel-linux-x86_64-debian-gcc | 1.2.1 | 35.57 | 216.32 | 251.89 | OK | |
r-devel-linux-x86_64-fedora-clang | 1.2.1 | 228.74 | OK | |||
r-devel-linux-x86_64-fedora-gcc | 1.2.1 | 400.05 | OK | |||
r-devel-windows-x86_64 | 1.2.1 | 4.00 | 7.00 | 11.00 | ERROR | |
r-devel-windows-x86_64-gcc10-UCRT | 1.2.1 | OK | ||||
r-patched-linux-x86_64 | 1.2.1 | 45.09 | 277.48 | 322.57 | OK | |
r-patched-solaris-x86 | 1.2.1 | 438.20 | OK | |||
r-release-linux-x86_64 | 1.2.1 | 45.50 | 279.61 | 325.11 | OK | |
r-release-macos-arm64 | 1.2.1 | OK | ||||
r-release-macos-x86_64 | 1.2.1 | OK | ||||
r-release-windows-ix86+x86_64 | 1.2.1 | 64.00 | 280.00 | 344.00 | OK | |
r-oldrel-macos-x86_64 | 1.2.1 | OK | ||||
r-oldrel-windows-ix86+x86_64 | 1.2.1 | 62.00 | 31.00 | 93.00 | ERROR |
Version: 1.2.1
Check: whether package can be installed
Result: ERROR
Installation failed.
Flavors: r-devel-windows-x86_64, r-oldrel-windows-ix86+x86_64